{"id":552,"date":"2017-04-05T21:18:36","date_gmt":"2017-04-05T19:18:36","guid":{"rendered":"http:\/\/www.dehoenderik-tricht.nl\/hoenderik\/?page_id=552"},"modified":"2021-05-24T16:59:05","modified_gmt":"2021-05-24T14:59:05","slug":"chambres-dhotes","status":"publish","type":"page","link":"https:\/\/www.dehoenderik-tricht.nl\/hoenderik\/?page_id=552","title":{"rendered":"Chambres d&#8217;h\u00f4tes"},"content":{"rendered":"<p>Bienvenue a De Hoenderik<\/p>\n<p><img loading=\"lazy\" decoding=\"async\" class=\" wp-image-309 alignnone\" src=\"https:\/\/www.dehoenderik-tricht.nl\/hoenderik\/wp-content\/uploads\/2016\/08\/aanzicht-BB-300x199.jpg\" alt=\"\" width=\"472\" height=\"313\" srcset=\"https:\/\/www.dehoenderik-tricht.nl\/hoenderik\/wp-content\/uploads\/2016\/08\/aanzicht-BB-300x199.jpg 300w, https:\/\/www.dehoenderik-tricht.nl\/hoenderik\/wp-content\/uploads\/2016\/08\/aanzicht-BB.jpg 640w\" sizes=\"auto, (max-width: 472px) 100vw, 472px\" \/><\/p>\n<p>Pour information et reservations&nbsp;cliquez ici<\/p>\n<p><a title=\"Chambre d'h\u00f4tes Fruitbedrijf De Hoenderik \u00e0 Tricht \u00e0 Bed and Breakfast Europe\" href=\"https:\/\/www.bedandbreakfast.eu\/chambre-d-hote\/tricht\/fruitbedrijf-de-hoenderik\/4072\/\" target=\"_blank\" rel=\"noopener noreferrer\"><img decoding=\"async\" style=\"border-width: 0px;\" src=\"https:\/\/www.bedandbreakfast.eu\/images\/layout\/banners\/affliate_fr_pink.png\" alt=\"Page de pr\u00e9sentation de chambre d'h\u00f4tes Fruitbedrijf De Hoenderik \u00e0 Tricht\"><\/a><\/p>\n","protected":false},"excerpt":{"rendered":"<p>Bienvenue a De Hoenderik Pour information et reservations&nbsp;cliquez ici<\/p>\n","protected":false},"author":3254,"featured_media":0,"parent":0,"menu_order":0,"comment_status":"closed","ping_status":"closed","template":"","meta":{"footnotes":""},"class_list":["post-552","page","type-page","status-publish","hentry"],"_links":{"self":[{"href":"https:\/\/www.dehoenderik-tricht.nl\/hoenderik\/index.php?rest_route=\/wp\/v2\/pages\/552","targetHints":{"allow":["GET"]}}],"collection":[{"href":"https:\/\/www.dehoenderik-tricht.nl\/hoenderik\/index.php?rest_route=\/wp\/v2\/pages"}],"about":[{"href":"https:\/\/www.dehoenderik-tricht.nl\/hoenderik\/index.php?rest_route=\/wp\/v2\/types\/page"}],"author":[{"embeddable":true,"href":"https:\/\/www.dehoenderik-tricht.nl\/hoenderik\/index.php?rest_route=\/wp\/v2\/users\/3254"}],"replies":[{"embeddable":true,"href":"https:\/\/www.dehoenderik-tricht.nl\/hoenderik\/index.php?rest_route=%2Fwp%2Fv2%2Fcomments&post=552"}],"version-history":[{"count":5,"href":"https:\/\/www.dehoenderik-tricht.nl\/hoenderik\/index.php?rest_route=\/wp\/v2\/pages\/552\/revisions"}],"predecessor-version":[{"id":873,"href":"https:\/\/www.dehoenderik-tricht.nl\/hoenderik\/index.php?rest_route=\/wp\/v2\/pages\/552\/revisions\/873"}],"wp:attachment":[{"href":"https:\/\/www.dehoenderik-tricht.nl\/hoenderik\/index.php?rest_route=%2Fwp%2Fv2%2Fmedia&parent=552"}],"curies":[{"name":"wp","href":"https:\/\/api.w.org\/{rel}","templated":true}]}}